) = -t**3 + 8*t**2 - 5*t - 10. Let y be f(8). Let q = y + 113. What is the remainder when q is divided by 4/(-22) + 244/11?
19
Suppose -5*o - 3*o = -1304. Calculate the remainder when o is divided by 31.
8
Suppose -19*m + 16*m - 5*v = -460, 452 = 3*m + v. What is the remainder when m is divided by 76?
74
What is the remainder when 49 is divided by ((-396)/(-110))/((-2)/(-10))?
13
What is the remainder when ((-9)/36)/(1/(-2796)) is divided by 7?
6
Calculate the remainder when (-3333)/(-11)*((-35)/15 + 3) is divided by 88.
26
Let o = -641 + 677. What is the remainder when o is divided by 27?
9
Suppose -5*g = 2*p + 22 - 37, g = 3*p - 14. Let m(h) = h**2 - h - 2. What is the remainder when m(6) is divided by p?
3
Let d = 98 + 131. What is the remainder when d is divided by 5?
4
Let m = 19 - 20. Suppose -h + 0*c + 5*c = -8, 3*c = 0. What is the remainder when (-1 - m) + (-273)/(-13) is divided by h?
5
Suppose -4*v = 3*v. Let o be (v - 3)/(12/8). Calculate the remainder when 2*((-19)/o + -3) is divided by 5.
3
Let g = 19 + -4. Suppose -3*f - 2*x = 2*x - 242, 5*x = 2*f - 123. Suppose -5*m + 71 = -f. Calculate the remainder when m is divided by g.
14
Let m = 20 + -26. Let b(o) = -o**3 - 5*o**2 + 3*o - 6. Calculate the remainder when (-1 + -4)/((-7)/63) is divided by b(m).
9
Suppose 119*t - 2135 = 840. Calculate the remainder when t is divided by 3.
1
Let t(v) = -4*v - 5. Let w = 6031 + -6027. What is the remainder when t(-4) is divided by w?
3
Let p be 105/6*4*-1*-2. Suppose -x + 6*x - p = 0. What is the remainder when 83 is divided by x?
27
Let n(u) = -4*u**3 + u**2. Let a be ((-2)/28*-4)/((-1)/(-7)). Suppose 3*h + a - 11 = 0. Calculate the remainder when n(-1) is divided by h.
2
Let h = -1303 + 1317. Calculate the remainder when 572 is divided by h.
12
Suppose 286*m - 280*m = 222. What is the remainder when 105 is divided by m?
31
Suppose -5*z = 3*r - 36, r = -5*z - 6 + 18. What is the remainder when 75 is divided by 1/2 - (-150)/r?
10
Let w(o) = o**3 - 4*o**2 - 8*o + 26. What is the remainder when w(6) is divided by 29?
21
Let k(o) = -2*o**2 + 43*o - 9. Calculate the remainder when 131 is divided by k(21).
11
Let t(z) = -z**2 + 5*z + 4. Suppose -59*x + 1709 + 2 = 0. Calculate the remainder when x is divided by t(5).
1
Let a(w) = -w**2 - w - 1. Let f be a(-1). Let h be (f/2)/((-1)/10). Suppose 2*d = x + 16, -3*d - h*x + 31 = -3*x. What is the remainder when 26 is divided by d?
8
Suppose -10 - 10 = -3*l + 4*g, 4*l + g + 5 = 0. Suppose 4*b = -l + 264. What is the remainder when b is divided by 14?
10
Let f(a) = 15*a + 199. What is the remainder when f(2) is divided by 33?
31
What is the remainder when 213 is divided by 1 + -1 - (-40 - 17)?
42
Let t = 40 - 31. Let h(m) = 43*m - 1. Let o be h(-1). Let a = -28 - o. What is the remainder when a is divided by t?
7
Let o be ((-3)/6)/((-1)/12). Let v = 9 - o. Let c = -3 - -4. What is the remainder when v is divided by c?
0
Suppose 2*w + 53 + 19 = 3*x, 3*w = 3*x - 75. Calculate the remainder when 437 is divided by x.
19
Let f = 19 - 6. Let i be 1/(-5) + 208/40. Suppose -51 - 199 = -i*s. What is the remainder when s is divided by f?
11
Suppose -63*p + 328 = -55*p. Let s = -22 + -7. Let c = p + s. Calculate the remainder when 22 is divided by c.
10
Calculate the remainder when (-558)/(-4) + (-40)/(-80) is divided by 73.
67
What is the remainder when 71 - 4/6*-3 is divided by 15?
13
Suppose -109 = -2*j - 3*i, -2*j + 85 + 30 = -3*i. Calculate the remainder when j is divided by 27.
2
What is the remainder when -41 + 32 + 354 + 1 is divided by 13?
8
Let b = -481 + 540. What is the remainder when 233 is divided by b?
56
Calculate the remainder when 89 is divided by 4 + (4 - 3 - 7) - -9.
5
Let d(j) be the second derivative of j**3/6 + j**2/2 + j. Let c = 8 - -25. Calculate the remainder when c is divided by d(8).
6
Let r(h) = -80*h**2 - 2*h - 1. Let u be r(-1). Let a = -41 - u. What is the remainder when a is divided by 20?
18
Let z(v) = 2*v**2 + 7*v - 4. Calculate the remainder when z(-9) is divided by 326/10 + (-12)/(-30).
29
Suppose 24*f - 33*f = -423. What is the remainder when f is divided by 10?
7
Suppose 0 = -5*y + 5*c + 5, -8*y - 3*c = -4*y - 39. Let q(d) = 10*d - 2 + 9*d + y. Calculate the remainder when q(3) is divided by 16.
13
Suppose 28*a = -416 + 2908. What is the remainder when a is divided by 2?
1
Let h = -48 + 18. Let s be ((-2)/(-1))/((-4)/290). Let w = h - s. Calculate the remainder when w is divided by 29.
28
Let j(q) = -6*q + 1. Let x(m) = 30*m - 685. What is the remainder when j(-1) is divided by x(23)?
2
Let t(m) = -m**2 - 11*m - 14. Let p be t(-9). Calculate the remainder when (74/p)/((56/16)/7) is divided by 10.
7
Let r = -6 - -3. Let c be -84 + 0/(r - 1). Calculate the remainder when 11 is divided by c/18*(-3)/2.
4
Suppose i - 79 - 11 = 0. What is the remainder when i is divided by 14?
6
Let k(d) = -6*d**2 + 3. Let c be k(2). Let i = c - -34. Suppose 9*l = i*l - 24. Calculate the remainder when l is divided by 4.
2
Let l = 14 + -8. Calculate the remainder when 6/(-4)*(-8 - (-7 + 21)) is divided by l.
3
What is the remainder when ((-194)/4)/(-7 + 27/4) is divided by 49?
47
Let n(x) be the second derivative of x**4/12 - x**3/6 + 4*x**2 - 4*x. Calculate the remainder when n(6) is divided by 123/9 - 2/(-6).
10
Let b = -25 - -43. Let g(i) = i**3 - 14*i**2 - 29*i - 41. Let v be g(16). Suppose v*p - 218 = 279. Calculate the remainder when p is divided by b.
17
Suppose 0 = 5*r - 85 + 5. Let m = r + 81. What is the remainder when m is divided by 33?
31
Let m(r) = -2*r**2 - 36*r - 10. Let x be m(-16). Suppose 5*s = x + 76. Calculate the remainder when 77 is divided by s.
25
Suppose -w = -5*f - 4*w + 38, 4*f + w = 36. Calculate the remainder when (-8 - -3)/((-8)/40) is divided by f.
5
Calculate the remainder when 109 is divided by (-2)/15 + (6504/180 - 5).
16
Suppose 43 = 4*a - a - s, 37 = 3*a + 5*s. Let j = -159 + 159. Suppose 3*b + j*b - a = -2*m, 5*b - 25 = -5*m. What is the remainder when 13 is divided by b?
1
Let d(i) = -i**3 + 10*i**2 + 13*i - 6. Suppose 22 = 6*c - 4*c. What is the remainder when 63 is divided by d(c)?
15
Let p(t) = -2*t**3 - 8*t**2 - 8*t - 7. Let z be p(-5). Let f = z + -59. What is the remainder when 117 is divided by f?
21
What is the remainder when 254 is divided by ((-2)/(-4))/1*(-7956)/(-78)?
50
Suppose -5*w - 3*v = 0, -2*v - 15 = v. Suppose 4*b - 206 = 4*p - 34, w*p + 15 = 0. Calculate the remainder when b is divided by -2*(-2)/8*20.
8
Let y(i) = -47*i - 35. What is the remainder when 143 is divided by y(-1)?
11
Let k = 18 + -13. Suppose -k*v = 11 - 36. Calculate the remainder when v is divided by 3.
2
Suppose -z = 2*z - p - 63, 3*z = 5*p + 63. Calculate the remainder when z is divided by 5.
1
Let l(s) = 2*s**2 - 63 + 63 - s. What is the remainder when l(-2) is divided by (-5 - -7) + 2 + 0?
2
Suppose 22*o - 29*o + 56 = 0. What is the remainder when 18 is divided by o?
2
Let b(p) = -p + 20. Let v be b(-8). Let s = 236 - v. Calculate the remainder when s is divided by 42.
40
Suppose -43*u + 41*u = 4. Suppose 3*n - n + y = -114, -4*y = -2*n - 114. What is the remainder when u - n/1 - 2 is divided by 14?
11
Suppose -41*s = -56*s + 105. Calculate the remainder when 59 is divided by s.
3
Suppose -26*u = -21*u + 10. What is the remainder when 49 is divided by (-33 - 1)/(1*u)?
15
Suppose -3*x + 9 = 4*b, 11*b - 10*b = -4*x - 14. Let w be ((-4)/(-6))/((-1)/(-3)). Suppose b = w*o - o. What is the remainder when 22 is divided by o?
4
Let a = -2881 + 2981. What is the remainder when a is divided by 11?
1
Suppose -1492*x = -1484*x - 224. Calculate the remainder when 245 is divided by x.
21
Let b(w) = 41*w**2 + 2*w - 3. Let d be b(-3). Let u be (2/4)/((-12)/d). Calculate the remainder when 18 is divided by (3 + -2)/((-3)/u).
3
Suppose h = -2*n + 6*h + 16, 3*n = -2*h + 5. Calculate the remainder when n/(-2) - 2601/(-34) is divided by 19.
18
Suppose -4*f = -50*f + 32936. Calculate the remainder when f is divided by 80.
76
Let o(h) = 4*h + 11. Let r(m) = 3*m + 7. Suppose 4 = -p - 1. Let f(c) = p*o(c) + 8*r(c). Calculate the remainder when f(1) is divided by 2.
1
Let n(u) = -155*u**3 - 2*u - 1. Calculate the remainder when n(-1) is divided by 53.
50
Suppose 3*y + 50 = -2*y. Calculate th